(m) = 77*n(m) + 6*z(m). Determine i(r).
11
Let m be 1*(-7)/((-7)/(-3)) - -6. Let w(b) = 2*b**2 - 7*b**3 - 3*b - 13*b**3 + 26*b**3 - 7*b**m + 2. Calculate w(3).
-16
Let y(c) = 3*c - 40 - 33 - 33 + 110. Determine y(-9).
-23
Let r(w) be the first derivative of 2*w - 197 - 4*w**2 + 8/3*w**3 - 1/4*w**4. Calculate r(7).
-5
Let y(d) = -d**2 + 4*d - 5. Suppose 4*c + 8*c = -12. Let p be 9 + c + 15 + -19. Let s be (1*(2 - p))/(1/(-2)). Determine y(s).
-5
Suppose 294 = 169*u - 127*u. Let r(j) = -j**3 + 5*j**2 + 9*j + 26. What is r(u)?
-9
Suppose 5*d = 3*p + 238 - 265, d + 3 = 3*p. Let b = -5 + 8. Let t(s) = -4*s + s**2 - 5 + s**b - 3 + 4*s**2 - s. Determine t(d).
-14
Let v(b) = -b**3 + 13*b**2. Let j(r) be the second derivative of r**4/4 - 10*r**3/3 + 19*r**2 + 3*r + 10. Let g be j(5). Calculate v(g).
0
Let i be 12 - (-46)/8*-4. Let j(l) = 11*l + 122. Give j(i).
1
Let k(f) be the first derivative of f**4/2 - 3*f**3 + 3*f**2/2 + 4*f - 552. Determine k(4).
0
Suppose 0 = -14*o + 15*o - 3. Let q(f) = 30*f**o - 14*f**3 + 0*f + 12*f**2 + 13*f - 15*f**3 + 16. Give q(-11).
-6
Suppose 540 - 257 = -7*d + 269. Let y(i) be the first derivative of -i**2/2 - i + 2. What is y(d)?
1
Let u(a) = -8*a + 4. Let y(j) = 11*j - 5. Let r = 366 + -363. Let h(f) = r*y(f) + 4*u(f). Calculate h(-5).
-4
Let f(j) = -1 + 3589*j + 3 - j**2 + 3573*j - 7161*j. Let a(g) = g**2 - g - 2. Let t be a(0). Calculate f(t).
-4
Suppose -5*x = -4*o + 11, 0*o = o + 3*x - 7. Suppose 77*f = 82*f - 4*i - 21, 5*i = 2*f - 22. Let r(l) = -2 + 13 - f - 3*l - 14. Give r(o).
-16
Let j(f) be the first derivative of -34*f**2 + 39*f**2 + 56 + f + 10. Calculate j(3).
31
Suppose 2*p = -2*b + 2, 0 = 2*b - 2*p - p - 7. Suppose -5*g - 12 = -z, -z - 4 = -2*z - 3*g. Let t(x) = x + 0*x - z*x. Give t(b).
-12
Let z = -22 + 26. Suppose -h - 7*u + 8*u = 2, -3*h = -z*u + 10. Suppose 9*k = 5*k - h*k. Let w(o) = -o**3 + o**2 + 7. Give w(k).
7
Let h(s) = 2*s**2 - 17. Let r = -714 - -720. Give h(r).
55
Let v(r) be the third derivative of -r**6/120 - 3*r**5/20 - 5*r**4/6 - 7*r**3/3 - 6039*r**2. What is v(-6)?
-2
Let f(q) = 6*q - 250. Let g(k) = -7*k + 288. Let p(a) = -8*f(a) - 7*g(a). Determine p(6).
-10
Suppose -4*n + v = -13, -v = -n - 6*v - 23. Let l(g) = 2*g - 16. Calculate l(n).
-12
Suppose -213*d = -205*d. Let u(b) be the first derivative of b**3/3 + b**2/2 + 6*b - 1. Determine u(d).
6
Let n(r) be the second derivative of r**5/60 + 5*r**4/24 - 5*r**3/6 - 19*r**2 + 73*r. Let k(w) be the first derivative of n(w). Give k(-4).
-9
Suppose -60 = 66*f - 56*f. Let k(x) be the first derivative of x**3/3 + 9*x**2/2 + 3*x + 22. What is k(f)?
-15
Let h be ((-20)/6 - -3)/((-3)/18). Let o(q) = -8*q**2 + 3*q. Let p(l) = 16*l**2 - 7*l. Let x(m) = h*p(m) + 5*o(m). Give x(1).
-7
Let w(q) = -q**3 - 14*q**2 - 2*q + 12. Let f be (301/(-129))/((-3)/(-18)). What is w(f)?
40
Let n(g) be the second derivative of -5*g**5/4 - g**4/12 + 5495*g. What is n(-1)?
24
Let u(l) = -5*l**2 - 3*l + 14. Let b(o) = 4*o**2 + 4*o - 15. Let v(d) = 4*b(d) + 3*u(d). Suppose -z = 4*z + 45. Calculate v(z).
0
Let l(s) = -1 - 802*s**2 + 0 + 329*s**2 + 493*s**2. Suppose 0 = 3*k + 2*q - 1, -q = -5*k - 0*q - 7. Determine l(k).
19
Let m(s) = -s + 1. Suppose -h = -r + 1 - 9, 5*r + 16 = h. Suppose 20*q - 19*q + h = 0. What is m(q)?
7
Let f(q) = q - 8. Suppose 10 = 4*d - 6. Let n be f(d). Let i be 4 + -2 + 24/n. Let l(j) = -3*j + 1. Determine l(i).
13
Let t be (-35 - -37)*6/(-4). Let g(h) = -5*h**2 - 2*h - 3. What is g(t)?
-42
Let v(w) = 20 + 29*w - 13 - 13 + 24 - 13. Determine v(0).
5
Let l(y) = 54*y**2 - 597*y + 15. Let i be l(11). Let h(q) = q**3 + 18*q**2 + 2*q + 23. Determine h(i).
-13
Let n be 3 - (-4 + (0 - -7)). Suppose -4*x - 4 = n, 43*x + 4 = -i + 40*x. Let y(l) = 6*l**3 + l**2 + l + 1. Calculate y(i).
-5
Let d(h) = -21*h - 331. Let c(a) = 104*a + 1822. Let q(y) = -2*c(y) - 11*d(y). Calculate q(-3).
-72
Let h(v) = v**3 - 6*v**2 - 8*v + 8. Let u(z) = 21 - 1 + 3*z - 3 + 1. Let k be u(8). Suppose -5*q + 11*q = k. Determine h(q).
1
Let n(k) = 32*k**3 - 50*k**2 + 38*k + 1. Let c(u) = 5*u**3 - 8*u**2 + 6*u. Let j(l) = -13*c(l) + 2*n(l). Determine j(3).
5
Let k(v) = -v**2 + 7*v - 7. Let n(d) = d**3 + 8*d**2 + 2*d - 22. Let t be n(-7). Suppose 21*l = t*l + 32. What is k(l)?
5
Let c(v) = 31*v**2 - 39*v + 7. Let x be c(1). Let a(h) = 5*h + 5*h + 13*h. What is a(x)?
-23
Let q(u) = 26*u**2 + 1. Let k = 197 + -181. Suppose 19*o - k = 3. What is q(o)?
27
Let v(g) = -7*g - 60. Suppose -s + 4*f + 52 = 68, s = -f - 11. Determine v(s).
24
Let u(d) be the third derivative of d**4/6 - d**3/2 + 185*d**2 - 7*d + 1. Let t(r) = r + 2. Let i be t(-5). Give u(i).
-15
Let f(l) = 3*l + 5. Let z(p) = -p + 1. Let r(h) = f(h) + 2*z(h). Let m be 318/(6/20 - (-49 - -49)). Let b be ((-2)/(-4))/((-106)/m). Calculate r(b).
2
Suppose 73 = 80*b + 713. Let n(o) = -o**3 - 6*o**2 + 16*o + 15. What is n(b)?
15
Let d(w) = -2*w**2 - 14*w - 4. Suppose x + 12 = 2*j, 35 - 41 = -x - 4*j. What is d(x)?
8
Let r(j) = -13*j**2 - 12*j - 4. Let i(q) = -579*q**2 + 582*q**2 + 3*q + 3 - 2. Let o(d) = 18*i(d) + 4*r(d). Determine o(-4).
10
Suppose -903 = -11*j - 859. Let n(f) = 6*f**3 - 3*f**2 - 9*f + 6. Let t(g) = -g + 10*g - 5*g**3 - g + 2*g**2 - 5. Let u(y) = 6*n(y) + 7*t(y). Calculate u(j).
9
Let d(x) = 5*x**3 - x**2 - 2*x. Let o = 534 + -464. Let f be ((-12)/9)/(o/(-105)). What is d(f)?
32
Let i = -6 + 6. Suppose 8*s + 25*s - 66 = i. Let o(l) = -2 - 2*l + 0 + 4*l. Calculate o(s).
2
Suppose -3068*i + 3086*i = -144. Let z(y) = y**3 + 4*y**2 - 35*y - 12. What is z(i)?
12
Let a(g) = g**3 + 32*g**2 - 68*g + 7. Let c(b) = -6*b**3 - 43*b**2 + 15. Let o be c(-7). What is a(o)?
7
Let s(a) = 27*a**2 - 2*a - 1. Let m(p) = 40*p**2 - 3*p - 1. Let h(v) = 5*m(v) - 7*s(v). Determine h(2).
44
Suppose 40 = -2*f - 2*v, -29*f + 27*f - 5*v - 46 = 0. Let i(g) = g**2 + 16*g - 21. Give i(f).
15
Suppose 0 = -h + 4*o - 11, -3*h + o = h + 44. Let p(w) = 479 + 460 - 1424 + 11*w + 473 + w**2. What is p(h)?
-12
Let d be 1*(2*-2 - -2). Suppose y + 3*x = -12, 4 = -5*y - 4*x - 1. Let n(p) = 22*p**3 - 9*p - 23*p**y - 2 + 10*p. What is n(d)?
4
Let n(d) = -244*d + 131. Let z(o) = 86*o - 44. Let s(y) = -6*n(y) - 17*z(y). Give s(12).
-14
Suppose 4*a + 1 = -0*a - 5*s, -4*a + s + 29 = 0. Let g be (73*-34)/(-2) - -5. Let w(b) = g*b - 4 - 623*b - 621*b. Calculate w(a).
8
Let l(z) = -z**2 + 10*z + 2. Let w be (-24)/(-10) + 12/20. Suppose -w*h - 2 = -2*h. Let d(x) = -x**2 - 9*x - 5. Let p be d(h). Give l(p).
11
Let c(v) = -v**3 - 7*v**2 - 5*v + 3. Suppose -143 = -a + 2*z, -a + 4*z = 102 - 255. Suppose j = -7 + a. Let h = j - 132. Determine c(h).
-3
Let b(j) be the third derivative of j**5/12 + j**4/4 + 7*j**3/6 - 64*j**2. Calculate b(-3).
34
Let r(a) = -52*a**2 - 1453*a + 86. Let j be r(-28). Let y(u) be the first derivative of -3*u + 1/3*u**3 + 16 + 4*u**j. Give y(-9).
6
Let p be (12 - 9)*(-23)/(-3). Let y be ((-69)/12)/p + 58/8. Let q(s) = s**3 - 6*s**2 - 7*s + 6. Give q(y).
6
Let r(d) be the third derivative of d**6/120 - d**5/10 - d**4/6 - d**3/2 - 3*d**2. Suppose -6 = 2*y + 284. Let l = -138 - y. What is r(l)?
18
Let p(s) be the second derivative of -s**5/120 - s**4/8 + 3*s**3 + 6*s. Let u(j) be the second derivative of p(j). Let v = 5 - 2. What is u(v)?
-6
Let o be 30/((-5)/(5/(-2))). Suppose -5*z = 5*x - 45, z = 4*z - o. Let q(l) = -5*l - 1 + 3*l - 10 + 7. Give q(x).
-12
Let r(l) be the second derivative of -l + 1/20*l**5 + 11/2*l**2 - 1/6*l**3 - 29 + 1/12*l**4. Determine r(0).
11
Let w(n) = 16*n - 5. Suppose 9*g + b = 4*g - 14, -g + 10 = -3*b. Suppose 5*s - 41 - 14 = 0. Let f(v) = 3*v - 1. Let q(t) = g*w(t) + s*f(t). Calculate q(-3).
-4
Let g(j) = j. Let d(q) = 2*q - 11. Let m(x) = d(x) - 4*g(x). Suppose 46*b - 21 = 63*b + 47. Determine m(b).
-3
Let k(v) = v**2 - v - 1. Let w be -1 + (5 - 2) - 1. Let j be w*(4 + 3/(9/(-6))). Suppose 5*n + 16 = j*i, 5*i - 3 = 4*n + 20. What is k(i)?
5
Let c(i) = 4*i**2 - 5*i**2 + i**2 - i**3 + 5*i**2 - 4*i. Let x be c(4). Let u(h) = -h**3 - h**3 + h**2 - 8*h - 2 + 9*h + h**3. What is u(x)?
-2
Let b be ((-6430)/(-20) - 8)/(6/(-8)). Let v = -406 - b. Let d(z) = -4*z + 12. Determine d(v).
-36
Let m(s) = s**2 + 3*s - 3. Suppose -21*j - 6945 = 1413. Let y = j + 392. Determine m(y).
15
Suppose d = 9 - 2. Let m(v) = -v + 8. L